 the highest common factor of 123 and 25953?
123
Calculate the highest common divisor of 2898 and 21.
21
Calculate the highest common factor of 24 and 828.
12
What is the highest common factor of 782 and 46?
46
What is the greatest common factor of 176 and 12?
4
What is the highest common divisor of 16 and 98?
2
What is the highest common divisor of 11 and 44?
11
Calculate the highest common divisor of 8930 and 30.
10
What is the highest common factor of 274 and 4?
2
Calculate the highest common factor of 10 and 126.
2
What is the highest common divisor of 3970 and 20?
10
Calculate the greatest common factor of 26631 and 11.
11
What is the highest common divisor of 5145 and 420?
105
Calculate the highest common divisor of 63 and 3717.
63
Calculate the greatest common divisor of 80 and 3800.
40
What is the greatest common divisor of 95 and 745?
5
Calculate the highest common factor of 508 and 11557.
127
What is the greatest common divisor of 68 and 187?
17
What is the greatest common divisor of 1204 and 28?
28
What is the greatest common factor of 96 and 35488?
32
Calculate the greatest common divisor of 2349 and 1863.
81
What is the greatest common divisor of 9639 and 595?
119
Calculate the highest common factor of 3293 and 37.
37
What is the highest common divisor of 12 and 951?
3
What is the greatest common divisor of 1071 and 63?
63
What is the greatest common divisor of 34 and 2567?
17
What is the highest common divisor of 902 and 492?
82
What is the greatest common factor of 20303 and 771?
257
What is the greatest common divisor of 38485 and 215?
215
What is the greatest common factor of 4 and 74?
2
What is the highest common divisor of 30 and 19230?
30
Calculate the greatest common factor of 45 and 9.
9
Calculate the highest common factor of 225 and 1629.
9
Calculate the highest common divisor of 28 and 434.
14
What is the highest common divisor of 1175 and 100?
25
What is the greatest common divisor of 2891 and 882?
49
Calculate the greatest common divisor of 250 and 830.
10
Calculate the highest common divisor of 2 and 18.
2
What is the highest common factor of 6194 and 4238?
326
What is the greatest common divisor of 47 and 94?
47
What is the highest common divisor of 8 and 18?
2
What is the greatest common factor of 153 and 27693?
153
Calculate the greatest common factor of 7 and 16723.
7
What is the greatest common factor of 67 and 1541?
67
What is the highest common divisor of 3180 and 240?
60
What is the highest common factor of 10 and 1728?
2
What is the greatest common divisor of 13 and 15769?
13
What is the greatest common factor of 1 and 35?
1
What is the highest common divisor of 2954 and 14?
14
What is the highest common factor of 13 and 377?
13
Calculate the highest common divisor of 1591 and 37.
37
What is the greatest common factor of 122 and 2?
2
Calculate the greatest common factor of 2303 and 441.
49
Calculate the greatest common divisor of 68 and 102.
34
What is the greatest common divisor of 1072 and 16?
16
Calculate the highest common divisor of 296 and 2257.
37
What is the greatest common divisor of 10440 and 10?
10
What is the highest common divisor of 88 and 24?
8
What is the greatest common factor of 12600 and 15?
15
Calculate the greatest common factor of 5127 and 3.
3
What is the highest common divisor of 4 and 1228?
4
Calculate the highest common factor of 1683 and 2992.
187
What is the greatest common divisor of 68 and 4352?
68
What is the greatest common divisor of 32 and 50?
2
Calculate the highest common divisor of 624 and 78.
78
Calculate the highest common factor of 639 and 284.
71
Calculate the greatest common divisor of 1026 and 437.
19
What is the highest common factor of 246 and 20992?
82
What is the greatest common divisor of 123 and 57?
3
What is the highest common divisor of 103 and 927?
103
Calculate the greatest common factor of 450 and 525.
75
What is the greatest common factor of 77 and 1463?
77
Calculate the highest common factor of 15694 and 295.
59
What is the greatest common divisor of 7824 and 144?
48
Calculate the highest common factor of 26 and 1066.
26
What is the greatest common divisor of 232 and 203?
29
Calculate the greatest common factor of 25 and 675.
25
What is the greatest common divisor of 162 and 6777?
27
What is the highest common factor of 256 and 8?
8
Calculate the highest common divisor of 235 and 40655.
235
Calculate the greatest common divisor of 546 and 39.
39
What is the highest common factor of 24 and 132?
12
What is the greatest common factor of 63 and 126?
63
What is the highest common divisor of 768 and 672?
96
Calculate the highest common factor of 12 and 186.
6
Calculate the greatest common divisor of 21 and 2751.
21
Calculate the highest common factor of 56 and 2450.
14
What is the highest common factor of 693 and 1111?
11
Calculate the greatest common factor of 816 and 48.
48
What is the greatest common divisor of 80 and 140?
20
What is the greatest common divisor of 637 and 147?
49
Calculate the highest common factor of 5184 and 9.
9
What is the greatest common divisor of 341 and 403?
31
Calculate the highest common divisor of 2472 and 24.
24
Calculate the greatest common factor of 10127 and 205.
41
What is the highest common factor of 21248 and 83?
83
What is the highest common factor of 1980 and 84?
12
What is the greatest common factor of 400 and 350?
50
What is the greatest common divisor of 31 and 27?
1
What is the greatest common divisor of 115 and 621?
23
Calculate the greatest common factor of 130 and 1370.
10
Calculate the greatest common divisor of 9534 and 84.
42
Calculate the highest common factor of 460 and 17250.
230
What is the highest common divisor of 996 and 27556?
332
Calculate the highest common divisor of 484 and 14278.
242
Calculate the greatest common factor of 403 and 39.
13
Calculate the greatest common factor of 27 and 171.
9
What is the greatest common factor of 851 and 69?
23
What is the highest common divisor of 182 and 2?
2
What is the highest common divisor of 354 and 6077?
59
What is the greatest common factor of 105 and 28?
7
What is the highest common factor of 123 and 46535?
41
What is the highest common divisor of 24 and 160?
8
What is the highest common factor of 2060 and 25?
5
Calculate the greatest common factor of 55 and 77.
11
What is the highest common divisor of 324 and 12?
12
What is the highest common divisor of 63 and 7?
7
What is the highest common factor of 114 and 1824?
114
Calculate the highest common factor of 3068 and 1652.
236
Calculate the highest common factor of 155 and 10.
5
What is the highest common divisor of 20 and 13660?
20
Calculate the greatest common factor of 154 and 98.
14
Calculate the greatest common factor of 5072 and 128.
16
What is the highest common divisor of 66 and 2739?
33
Calculate the highest common factor of 34 and 1258.
34
What is the greatest common divisor of 1328 and 4814?
166
What is the greatest common factor of 2338 and 308?
14
Calculate the highest common factor of 6 and 86.
2
Calculate the greatest common divisor of 132 and 308.
44
What is the greatest common divisor of 178 and 122998?
178
What is the highest common factor of 187 and 51?
17
Calculate the greatest common divisor of 9488 and 48.
16
Calculate the greatest common divisor of 7631 and 13.
13
Calculate the greatest common factor of 14269 and 38.
19
Calculate the greatest common divisor of 2597 and 530.
53
Calculate the highest common factor of 42 and 1029.
21
Calculate the greatest common factor of 1472 and 64.
64
Calculate the greatest common factor of 7912 and 32.
8
What is the greatest common factor of 392 and 72?
8
What is the greatest common divisor of 40 and 104?
8
Calculate the greatest common factor of 32 and 160.
32
Calculate the greatest common divisor of 25 and 23525.
25
Calculate the greatest common factor of 2403 and 89.
89
What is the greatest common factor of 612 and 1632?
204
Calculate the greatest common factor of 140 and 80.
20
What is the greatest common divisor of 1 and 11?
1
What is the greatest common factor of 67 and 2479?
67
Calculate the greatest common divisor of 4 and 5600.
4
What is the highest common divisor of 108 and 72?
36
What is the highest common divisor of 22 and 418?
22
